{"id":137,"date":"2025-09-13T18:29:40","date_gmt":"2025-09-13T16:29:40","guid":{"rendered":"https:\/\/aemec.es\/?page_id=137"},"modified":"2025-09-13T18:31:49","modified_gmt":"2025-09-13T16:31:49","slug":"aviso-legal","status":"publish","type":"page","link":"https:\/\/aemec.es\/index.php\/aviso-legal\/","title":{"rendered":"Aviso legal"},"content":{"rendered":"<p>[et_pb_section fb_built=\u00bb1&#8243; _builder_version=\u00bb4.16&#8243; global_colors_info=\u00bb{}\u00bb][et_pb_row _builder_version=\u00bb4.16&#8243; background_size=\u00bbinitial\u00bb background_position=\u00bbtop_left\u00bb background_repeat=\u00bbrepeat\u00bb global_colors_info=\u00bb{}\u00bb][et_pb_column type=\u00bb4_4&#8243; _builder_version=\u00bb4.16&#8243; custom_padding=\u00bb|||\u00bb global_colors_info=\u00bb{}\u00bb custom_padding__hover=\u00bb|||\u00bb][et_pb_text _builder_version=\u00bb4.27.4&#8243; background_size=\u00bbinitial\u00bb background_position=\u00bbtop_left\u00bb background_repeat=\u00bbrepeat\u00bb hover_enabled=\u00bb0&#8243; global_colors_info=\u00bb{}\u00bb sticky_enabled=\u00bb0&#8243;]<\/p>\n<h1 data-start=\"3763\" data-end=\"3787\">Aviso legal<\/h1>\n<p data-start=\"390\" data-end=\"657\"><strong data-start=\"390\" data-end=\"415\">Titularidad de la web<\/strong><br data-start=\"415\" data-end=\"418\" \/>En cumplimiento con el deber de informaci\u00f3n recogido en el art\u00edculo 10 de la Ley 34\/2002, de 11 de julio, de Servicios de la Sociedad de la Informaci\u00f3n y de Comercio Electr\u00f3nico (LSSICE), se informa que el presente sitio web pertenece a:<\/p>\n<ul data-start=\"659\" data-end=\"943\">\n<li data-start=\"659\" data-end=\"740\">\n<p data-start=\"661\" data-end=\"740\"><strong data-start=\"661\" data-end=\"672\">Titular<\/strong>: AEMEC \u2013 Asociaci\u00f3n de Esclerosis M\u00faltiple de Elche y Crevillente<\/p>\n<\/li>\n<li data-start=\"741\" data-end=\"763\">\n<p data-start=\"743\" data-end=\"763\"><strong data-start=\"743\" data-end=\"750\">CIF<\/strong>: G53851523<\/p>\n<\/li>\n<li data-start=\"764\" data-end=\"836\">\n<p data-start=\"766\" data-end=\"836\"><strong data-start=\"766\" data-end=\"786\">Domicilio social<\/strong>: C\/ Fray Pere Balaguer, n\u00ba 49. Elche (Alicante)<\/p>\n<\/li>\n<li data-start=\"837\" data-end=\"886\">\n<p data-start=\"839\" data-end=\"886\"><strong data-start=\"839\" data-end=\"860\">Email de contacto<\/strong>: <a data-start=\"862\" data-end=\"884\" class=\"decorated-link cursor-pointer\" rel=\"noopener\">aemec@aemec-online.org<span aria-hidden=\"true\" class=\"ms-0.5 inline-block align-middle leading-none\"><svg width=\"20\" height=\"20\" viewbox=\"0 0 20 20\" fill=\"currentColor\" xmlns=\"http:\/\/www.w3.org\/2000\/svg\" data-rtl-flip=\"\" class=\"block h-[0.75em] w-[0.75em] stroke-current stroke-[0.75]\"><path d=\"M14.3349 13.3301V6.60645L5.47065 15.4707C5.21095 15.7304 4.78895 15.7304 4.52925 15.4707C4.26955 15.211 4.26955 14.789 4.52925 14.5293L13.3935 5.66504H6.66011C6.29284 5.66504 5.99507 5.36727 5.99507 5C5.99507 4.63273 6.29284 4.33496 6.66011 4.33496H14.9999L15.1337 4.34863C15.4369 4.41057 15.665 4.67857 15.665 5V13.3301C15.6649 13.6973 15.3672 13.9951 14.9999 13.9951C14.6327 13.9951 14.335 13.6973 14.3349 13.3301Z\"><\/path><\/svg><\/span><\/a><\/p>\n<\/li>\n<li data-start=\"887\" data-end=\"943\">\n<p data-start=\"889\" data-end=\"943\"><strong data-start=\"889\" data-end=\"914\">Tel\u00e9fonos de contacto<\/strong>: 647 453 345 | 614 154 035<\/p>\n<\/li>\n<\/ul>\n<p data-start=\"945\" data-end=\"1094\">El acceso y uso de este sitio web atribuye la condici\u00f3n de usuario, lo que implica la aceptaci\u00f3n plena y sin reservas de las presentes condiciones.<\/p>\n<p data-start=\"1096\" data-end=\"1387\"><strong data-start=\"1096\" data-end=\"1134\">Propiedad intelectual e industrial<\/strong><br data-start=\"1134\" data-end=\"1137\" \/>Todos los contenidos de la web (textos, im\u00e1genes, dise\u00f1o gr\u00e1fico, c\u00f3digo fuente, logotipos, etc.) son propiedad de AEMEC o de terceros que han autorizado su uso. Queda prohibida su reproducci\u00f3n, distribuci\u00f3n o modificaci\u00f3n sin autorizaci\u00f3n expresa.<\/p>\n<p data-start=\"1389\" data-end=\"1595\"><strong data-start=\"1389\" data-end=\"1426\">Responsabilidad de los contenidos<\/strong><br data-start=\"1426\" data-end=\"1429\" \/>AEMEC no se hace responsable del mal uso que se realice de los contenidos de su p\u00e1gina web, siendo exclusiva responsabilidad de la persona que accede o los utiliza.<\/p>\n<p data-start=\"1597\" data-end=\"1760\"><strong data-start=\"1597\" data-end=\"1608\">Enlaces<\/strong><br data-start=\"1608\" data-end=\"1611\" \/>AEMEC no asume responsabilidad sobre el contenido, informaci\u00f3n o servicios que puedan aparecer en sitios web de terceros accesibles desde esta web.<\/p>\n<p>[\/et_pb_text][\/et_pb_column][\/et_pb_row][\/et_pb_section]<\/p>\n","protected":false},"excerpt":{"rendered":"<p>Aviso legal Titularidad de la webEn cumplimiento con el deber de informaci\u00f3n recogido en el art\u00edculo 10 de la Ley 34\/2002, de 11 de julio, de Servicios de la Sociedad de la Informaci\u00f3n y de Comercio Electr\u00f3nico (LSSICE), se informa que el presente sitio web pertenece a: Titular: AEMEC \u2013 Asociaci\u00f3n de Esclerosis M\u00faltiple de [&hellip;]<\/p>\n","protected":false},"author":1,"featured_media":0,"parent":0,"menu_order":0,"comment_status":"closed","ping_status":"closed","template":"","meta":{"_et_pb_use_builder":"on","_et_pb_old_content":"Your terms and conditions content here.","_et_gb_content_width":"","footnotes":""},"class_list":["post-137","page","type-page","status-publish","hentry"],"_links":{"self":[{"href":"https:\/\/aemec.es\/index.php\/wp-json\/wp\/v2\/pages\/137","targetHints":{"allow":["GET"]}}],"collection":[{"href":"https:\/\/aemec.es\/index.php\/wp-json\/wp\/v2\/pages"}],"about":[{"href":"https:\/\/aemec.es\/index.php\/wp-json\/wp\/v2\/types\/page"}],"author":[{"embeddable":true,"href":"https:\/\/aemec.es\/index.php\/wp-json\/wp\/v2\/users\/1"}],"replies":[{"embeddable":true,"href":"https:\/\/aemec.es\/index.php\/wp-json\/wp\/v2\/comments?post=137"}],"version-history":[{"count":2,"href":"https:\/\/aemec.es\/index.php\/wp-json\/wp\/v2\/pages\/137\/revisions"}],"predecessor-version":[{"id":139,"href":"https:\/\/aemec.es\/index.php\/wp-json\/wp\/v2\/pages\/137\/revisions\/139"}],"wp:attachment":[{"href":"https:\/\/aemec.es\/index.php\/wp-json\/wp\/v2\/media?parent=137"}],"curies":[{"name":"wp","href":"https:\/\/api.w.org\/{rel}","templated":true}]}}