{"id":134,"date":"2025-09-13T18:28:34","date_gmt":"2025-09-13T16:28:34","guid":{"rendered":"https:\/\/aemec.es\/?page_id=134"},"modified":"2025-09-13T18:28:35","modified_gmt":"2025-09-13T16:28:35","slug":"politica-cookies","status":"publish","type":"page","link":"https:\/\/aemec.es\/index.php\/politica-cookies\/","title":{"rendered":"Pol\u00edtica de cookies"},"content":{"rendered":"<p>[et_pb_section fb_built=\u00bb1&#8243; _builder_version=\u00bb4.16&#8243; global_colors_info=\u00bb{}\u00bb][et_pb_row _builder_version=\u00bb4.16&#8243; background_size=\u00bbinitial\u00bb background_position=\u00bbtop_left\u00bb background_repeat=\u00bbrepeat\u00bb global_colors_info=\u00bb{}\u00bb][et_pb_column type=\u00bb4_4&#8243; _builder_version=\u00bb4.16&#8243; custom_padding=\u00bb|||\u00bb global_colors_info=\u00bb{}\u00bb custom_padding__hover=\u00bb|||\u00bb][et_pb_text _builder_version=\u00bb4.27.4&#8243; background_size=\u00bbinitial\u00bb background_position=\u00bbtop_left\u00bb background_repeat=\u00bbrepeat\u00bb hover_enabled=\u00bb0&#8243; global_colors_info=\u00bb{}\u00bb sticky_enabled=\u00bb0&#8243;]<\/p>\n<h1 data-start=\"3763\" data-end=\"3787\">Pol\u00edtica de cookies<\/h1>\n<p data-start=\"3789\" data-end=\"4014\"><strong data-start=\"3789\" data-end=\"3814\">\u00bfQu\u00e9 son las cookies?<\/strong><br data-start=\"3814\" data-end=\"3817\" \/>Las cookies son peque\u00f1os archivos que se descargan en el dispositivo del usuario al acceder a determinadas p\u00e1ginas web. Permiten almacenar y recuperar informaci\u00f3n sobre los h\u00e1bitos de navegaci\u00f3n.<\/p>\n<p data-start=\"4016\" data-end=\"4139\"><strong data-start=\"4016\" data-end=\"4050\">Cookies utilizadas en esta web<\/strong><br data-start=\"4050\" data-end=\"4053\" \/>Este sitio web utiliza cookies propias y de terceros con las siguientes finalidades:<\/p>\n<ol data-start=\"4141\" data-end=\"4360\">\n<li data-start=\"4141\" data-end=\"4221\">\n<p data-start=\"4144\" data-end=\"4221\"><strong data-start=\"4144\" data-end=\"4164\">Cookies t\u00e9cnicas<\/strong>: necesarias para el correcto funcionamiento de la web.<\/p>\n<\/li>\n<li data-start=\"4222\" data-end=\"4360\">\n<p data-start=\"4225\" data-end=\"4360\"><strong data-start=\"4225\" data-end=\"4248\">Cookies de an\u00e1lisis<\/strong>: gestionadas por <strong data-start=\"4266\" data-end=\"4286\">Google Analytics<\/strong>, que permiten medir y analizar la navegaci\u00f3n de los usuarios en la web.<\/p>\n<\/li>\n<\/ol>\n<p data-start=\"4362\" data-end=\"4516\"><strong data-start=\"4362\" data-end=\"4400\">Gesti\u00f3n y desactivaci\u00f3n de cookies<\/strong><br data-start=\"4400\" data-end=\"4403\" \/>El usuario puede configurar su navegador para aceptar, bloquear o eliminar las cookies instaladas en su equipo.<\/p>\n<p data-start=\"4518\" data-end=\"4577\">Enlaces con informaci\u00f3n para los principales navegadores:<\/p>\n<ul data-start=\"4578\" data-end=\"4899\">\n<li data-start=\"4578\" data-end=\"4651\">\n<p data-start=\"4580\" data-end=\"4651\"><a data-start=\"4580\" data-end=\"4649\" rel=\"noopener\" target=\"_new\" class=\"decorated-link cursor-pointer\">Google Chrome<span aria-hidden=\"true\" class=\"ms-0.5 inline-block align-middle leading-none\"><svg width=\"20\" height=\"20\" viewbox=\"0 0 20 20\" fill=\"currentColor\" xmlns=\"http:\/\/www.w3.org\/2000\/svg\" data-rtl-flip=\"\" class=\"block h-[0.75em] w-[0.75em] stroke-current stroke-[0.75]\"><path d=\"M14.3349 13.3301V6.60645L5.47065 15.4707C5.21095 15.7304 4.78895 15.7304 4.52925 15.4707C4.26955 15.211 4.26955 14.789 4.52925 14.5293L13.3935 5.66504H6.66011C6.29284 5.66504 5.99507 5.36727 5.99507 5C5.99507 4.63273 6.29284 4.33496 6.66011 4.33496H14.9999L15.1337 4.34863C15.4369 4.41057 15.665 4.67857 15.665 5V13.3301C15.6649 13.6973 15.3672 13.9951 14.9999 13.9951C14.6327 13.9951 14.335 13.6973 14.3349 13.3301Z\"><\/path><\/svg><\/span><\/a><\/p>\n<\/li>\n<li data-start=\"4652\" data-end=\"4725\">\n<p data-start=\"4654\" data-end=\"4725\"><a data-start=\"4654\" data-end=\"4723\" rel=\"noopener\" target=\"_new\" class=\"decorated-link cursor-pointer\">Mozilla Firefox<span aria-hidden=\"true\" class=\"ms-0.5 inline-block align-middle leading-none\"><svg width=\"20\" height=\"20\" viewbox=\"0 0 20 20\" fill=\"currentColor\" xmlns=\"http:\/\/www.w3.org\/2000\/svg\" data-rtl-flip=\"\" class=\"block h-[0.75em] w-[0.75em] stroke-current stroke-[0.75]\"><path d=\"M14.3349 13.3301V6.60645L5.47065 15.4707C5.21095 15.7304 4.78895 15.7304 4.52925 15.4707C4.26955 15.211 4.26955 14.789 4.52925 14.5293L13.3935 5.66504H6.66011C6.29284 5.66504 5.99507 5.36727 5.99507 5C5.99507 4.63273 6.29284 4.33496 6.66011 4.33496H14.9999L15.1337 4.34863C15.4369 4.41057 15.665 4.67857 15.665 5V13.3301C15.6649 13.6973 15.3672 13.9951 14.9999 13.9951C14.6327 13.9951 14.335 13.6973 14.3349 13.3301Z\"><\/path><\/svg><\/span><\/a><\/p>\n<\/li>\n<li data-start=\"4726\" data-end=\"4798\">\n<p data-start=\"4728\" data-end=\"4798\"><a data-start=\"4728\" data-end=\"4796\" rel=\"noopener\" target=\"_new\" class=\"decorated-link cursor-pointer\">Safari<span aria-hidden=\"true\" class=\"ms-0.5 inline-block align-middle leading-none\"><svg width=\"20\" height=\"20\" viewbox=\"0 0 20 20\" fill=\"currentColor\" xmlns=\"http:\/\/www.w3.org\/2000\/svg\" data-rtl-flip=\"\" class=\"block h-[0.75em] w-[0.75em] stroke-current stroke-[0.75]\"><path d=\"M14.3349 13.3301V6.60645L5.47065 15.4707C5.21095 15.7304 4.78895 15.7304 4.52925 15.4707C4.26955 15.211 4.26955 14.789 4.52925 14.5293L13.3935 5.66504H6.66011C6.29284 5.66504 5.99507 5.36727 5.99507 5C5.99507 4.63273 6.29284 4.33496 6.66011 4.33496H14.9999L15.1337 4.34863C15.4369 4.41057 15.665 4.67857 15.665 5V13.3301C15.6649 13.6973 15.3672 13.9951 14.9999 13.9951C14.6327 13.9951 14.335 13.6973 14.3349 13.3301Z\"><\/path><\/svg><\/span><\/a><\/p>\n<\/li>\n<li data-start=\"4799\" data-end=\"4899\">\n<p data-start=\"4801\" data-end=\"4899\"><a data-start=\"4801\" data-end=\"4897\" rel=\"noopener\" target=\"_new\" class=\"decorated-link cursor-pointer\">Microsoft Edge<span aria-hidden=\"true\" class=\"ms-0.5 inline-block align-middle leading-none\"><svg width=\"20\" height=\"20\" viewbox=\"0 0 20 20\" fill=\"currentColor\" xmlns=\"http:\/\/www.w3.org\/2000\/svg\" data-rtl-flip=\"\" class=\"block h-[0.75em] w-[0.75em] stroke-current stroke-[0.75]\"><path d=\"M14.3349 13.3301V6.60645L5.47065 15.4707C5.21095 15.7304 4.78895 15.7304 4.52925 15.4707C4.26955 15.211 4.26955 14.789 4.52925 14.5293L13.3935 5.66504H6.66011C6.29284 5.66504 5.99507 5.36727 5.99507 5C5.99507 4.63273 6.29284 4.33496 6.66011 4.33496H14.9999L15.1337 4.34863C15.4369 4.41057 15.665 4.67857 15.665 5V13.3301C15.6649 13.6973 15.3672 13.9951 14.9999 13.9951C14.6327 13.9951 14.335 13.6973 14.3349 13.3301Z\"><\/path><\/svg><\/span><\/a><\/p>\n<\/li>\n<\/ul>\n<p data-start=\"4901\" data-end=\"5092\"><strong data-start=\"4901\" data-end=\"4941\">Aceptaci\u00f3n de la pol\u00edtica de cookies<\/strong><br data-start=\"4941\" data-end=\"4944\" \/>Al continuar navegando en nuestra web, se entender\u00e1 que acepta la instalaci\u00f3n y uso de las cookies en las condiciones contenidas en esta pol\u00edtica.<\/p>\n<p>[\/et_pb_text][\/et_pb_column][\/et_pb_row][\/et_pb_section]<\/p>\n","protected":false},"excerpt":{"rendered":"<p>Pol\u00edtica de cookies \u00bfQu\u00e9 son las cookies?Las cookies son peque\u00f1os archivos que se descargan en el dispositivo del usuario al acceder a determinadas p\u00e1ginas web. Permiten almacenar y recuperar informaci\u00f3n sobre los h\u00e1bitos de navegaci\u00f3n. Cookies utilizadas en esta webEste sitio web utiliza cookies propias y de terceros con las siguientes finalidades: Cookies t\u00e9cnicas: necesarias [&hellip;]<\/p>\n","protected":false},"author":1,"featured_media":0,"parent":0,"menu_order":0,"comment_status":"closed","ping_status":"closed","template":"","meta":{"_et_pb_use_builder":"on","_et_pb_old_content":"Your terms and conditions content here.","_et_gb_content_width":"","footnotes":""},"class_list":["post-134","page","type-page","status-publish","hentry"],"_links":{"self":[{"href":"https:\/\/aemec.es\/index.php\/wp-json\/wp\/v2\/pages\/134","targetHints":{"allow":["GET"]}}],"collection":[{"href":"https:\/\/aemec.es\/index.php\/wp-json\/wp\/v2\/pages"}],"about":[{"href":"https:\/\/aemec.es\/index.php\/wp-json\/wp\/v2\/types\/page"}],"author":[{"embeddable":true,"href":"https:\/\/aemec.es\/index.php\/wp-json\/wp\/v2\/users\/1"}],"replies":[{"embeddable":true,"href":"https:\/\/aemec.es\/index.php\/wp-json\/wp\/v2\/comments?post=134"}],"version-history":[{"count":2,"href":"https:\/\/aemec.es\/index.php\/wp-json\/wp\/v2\/pages\/134\/revisions"}],"predecessor-version":[{"id":136,"href":"https:\/\/aemec.es\/index.php\/wp-json\/wp\/v2\/pages\/134\/revisions\/136"}],"wp:attachment":[{"href":"https:\/\/aemec.es\/index.php\/wp-json\/wp\/v2\/media?parent=134"}],"curies":[{"name":"wp","href":"https:\/\/api.w.org\/{rel}","templated":true}]}}