{"id":125,"date":"2025-09-13T18:25:33","date_gmt":"2025-09-13T16:25:33","guid":{"rendered":"https:\/\/aemec.es\/?page_id=125"},"modified":"2025-09-13T18:27:39","modified_gmt":"2025-09-13T16:27:39","slug":"politica-privacidad","status":"publish","type":"page","link":"https:\/\/aemec.es\/index.php\/politica-privacidad\/","title":{"rendered":"Pol\u00edtica de privacidad"},"content":{"rendered":"<p>[et_pb_section fb_built=\u00bb1&#8243; _builder_version=\u00bb4.16&#8243; global_colors_info=\u00bb{}\u00bb][et_pb_row _builder_version=\u00bb4.16&#8243; background_size=\u00bbinitial\u00bb background_position=\u00bbtop_left\u00bb background_repeat=\u00bbrepeat\u00bb global_colors_info=\u00bb{}\u00bb][et_pb_column type=\u00bb4_4&#8243; _builder_version=\u00bb4.16&#8243; custom_padding=\u00bb|||\u00bb global_colors_info=\u00bb{}\u00bb custom_padding__hover=\u00bb|||\u00bb][et_pb_text _builder_version=\u00bb4.27.4&#8243; background_size=\u00bbinitial\u00bb background_position=\u00bbtop_left\u00bb background_repeat=\u00bbrepeat\u00bb hover_enabled=\u00bb0&#8243; global_colors_info=\u00bb{}\u00bb sticky_enabled=\u00bb0&#8243;]<\/p>\n<h1 data-start=\"1796\" data-end=\"1993\">Pol\u00edtica de privacidad<\/p>\n<\/h1>\n<p data-start=\"1796\" data-end=\"1993\">En AEMEC nos preocupamos por la protecci\u00f3n de sus datos personales y por el cumplimiento estricto de la normativa vigente: <strong data-start=\"1919\" data-end=\"1954\">Reglamento (UE) 2016\/679 (RGPD)<\/strong> y <strong data-start=\"1957\" data-end=\"1990\">Ley Org\u00e1nica 3\/2018 (LOPDGDD)<\/strong>.<\/p>\n<p data-start=\"1995\" data-end=\"2031\"><strong data-start=\"1995\" data-end=\"2029\">1. Responsable del tratamiento<\/strong><\/p>\n<ul data-start=\"2032\" data-end=\"2229\">\n<li data-start=\"2032\" data-end=\"2113\">\n<p data-start=\"2034\" data-end=\"2113\"><strong data-start=\"2034\" data-end=\"2045\">Entidad<\/strong>: AEMEC \u2013 Asociaci\u00f3n de Esclerosis M\u00faltiple de Elche y Crevillente<\/p>\n<\/li>\n<li data-start=\"2114\" data-end=\"2136\">\n<p data-start=\"2116\" data-end=\"2136\"><strong data-start=\"2116\" data-end=\"2123\">CIF<\/strong>: G53851523<\/p>\n<\/li>\n<li data-start=\"2137\" data-end=\"2191\">\n<p data-start=\"2139\" data-end=\"2191\"><strong data-start=\"2139\" data-end=\"2152\">Domicilio<\/strong>: C\/ Fray Pere Balaguer, n\u00ba 49. Elche<\/p>\n<\/li>\n<li data-start=\"2192\" data-end=\"2229\">\n<p data-start=\"2194\" data-end=\"2229\"><strong data-start=\"2194\" data-end=\"2203\">Email<\/strong>: <a data-start=\"2205\" data-end=\"2227\" class=\"decorated-link cursor-pointer\" rel=\"noopener\">aemec@aemec-online.org<span aria-hidden=\"true\" class=\"ms-0.5 inline-block align-middle leading-none\"><svg width=\"20\" height=\"20\" viewbox=\"0 0 20 20\" fill=\"currentColor\" xmlns=\"http:\/\/www.w3.org\/2000\/svg\" data-rtl-flip=\"\" class=\"block h-[0.75em] w-[0.75em] stroke-current stroke-[0.75]\"><path d=\"M14.3349 13.3301V6.60645L5.47065 15.4707C5.21095 15.7304 4.78895 15.7304 4.52925 15.4707C4.26955 15.211 4.26955 14.789 4.52925 14.5293L13.3935 5.66504H6.66011C6.29284 5.66504 5.99507 5.36727 5.99507 5C5.99507 4.63273 6.29284 4.33496 6.66011 4.33496H14.9999L15.1337 4.34863C15.4369 4.41057 15.665 4.67857 15.665 5V13.3301C15.6649 13.6973 15.3672 13.9951 14.9999 13.9951C14.6327 13.9951 14.335 13.6973 14.3349 13.3301Z\"><\/path><\/svg><\/span><\/a><\/p>\n<\/li>\n<\/ul>\n<p data-start=\"2231\" data-end=\"2396\"><strong data-start=\"2231\" data-end=\"2263\">2. Finalidad del tratamiento<\/strong><br data-start=\"2263\" data-end=\"2266\" \/>Los datos personales que el usuario facilite a trav\u00e9s de los formularios de contacto se utilizan con las siguientes finalidades:<\/p>\n<ul data-start=\"2397\" data-end=\"2633\">\n<li data-start=\"2397\" data-end=\"2454\">\n<p data-start=\"2399\" data-end=\"2454\">Atender y responder a las solicitudes de informaci\u00f3n.<\/p>\n<\/li>\n<li data-start=\"2455\" data-end=\"2536\">\n<p data-start=\"2457\" data-end=\"2536\">Gestionar las comunicaciones relacionadas con los servicios de la asociaci\u00f3n.<\/p>\n<\/li>\n<li data-start=\"2537\" data-end=\"2633\">\n<p data-start=\"2539\" data-end=\"2633\">Realizar an\u00e1lisis estad\u00edsticos de navegaci\u00f3n (a trav\u00e9s de cookies, ver pol\u00edtica de cookies).<\/p>\n<\/li>\n<\/ul>\n<p data-start=\"2635\" data-end=\"2823\"><strong data-start=\"2635\" data-end=\"2654\">3. Legitimaci\u00f3n<\/strong><br data-start=\"2654\" data-end=\"2657\" \/>La base legal para el tratamiento es el <strong data-start=\"2697\" data-end=\"2730\">consentimiento del interesado<\/strong>, otorgado al marcar la casilla correspondiente y enviar sus datos a trav\u00e9s del formulario.<\/p>\n<p data-start=\"2825\" data-end=\"3021\"><strong data-start=\"2825\" data-end=\"2857\">4. Conservaci\u00f3n de los datos<\/strong><br data-start=\"2857\" data-end=\"2860\" \/>Los datos se conservar\u00e1n durante el tiempo necesario para atender la finalidad para la que fueron recabados, y mientras exista obligaci\u00f3n legal de mantenerlos.<\/p>\n<p data-start=\"3023\" data-end=\"3262\"><strong data-start=\"3023\" data-end=\"3043\">5. Destinatarios<\/strong><br data-start=\"3043\" data-end=\"3046\" \/>Los datos no se ceder\u00e1n a terceros salvo obligaci\u00f3n legal. No obstante, se informa de que este sitio web utiliza servicios de terceros (Google Analytics) que pueden implicar transferencias internacionales de datos.<\/p>\n<p data-start=\"3264\" data-end=\"3503\"><strong data-start=\"3264\" data-end=\"3295\">6. Derechos de los usuarios<\/strong><br data-start=\"3295\" data-end=\"3298\" \/>Usted puede ejercer en cualquier momento sus derechos de acceso, rectificaci\u00f3n, supresi\u00f3n, oposici\u00f3n, limitaci\u00f3n y portabilidad enviando un escrito, acompa\u00f1ado de copia de su documento identificativo, a:<\/p>\n<ul data-start=\"3504\" data-end=\"3595\">\n<li data-start=\"3504\" data-end=\"3537\">\n<p data-start=\"3506\" data-end=\"3537\">Email: <a data-start=\"3513\" data-end=\"3535\" class=\"decorated-link cursor-pointer\" rel=\"noopener\">aemec@aemec-online.org<span aria-hidden=\"true\" class=\"ms-0.5 inline-block align-middle leading-none\"><svg width=\"20\" height=\"20\" viewbox=\"0 0 20 20\" fill=\"currentColor\" xmlns=\"http:\/\/www.w3.org\/2000\/svg\" data-rtl-flip=\"\" class=\"block h-[0.75em] w-[0.75em] stroke-current stroke-[0.75]\"><path d=\"M14.3349 13.3301V6.60645L5.47065 15.4707C5.21095 15.7304 4.78895 15.7304 4.52925 15.4707C4.26955 15.211 4.26955 14.789 4.52925 14.5293L13.3935 5.66504H6.66011C6.29284 5.66504 5.99507 5.36727 5.99507 5C5.99507 4.63273 6.29284 4.33496 6.66011 4.33496H14.9999L15.1337 4.34863C15.4369 4.41057 15.665 4.67857 15.665 5V13.3301C15.6649 13.6973 15.3672 13.9951 14.9999 13.9951C14.6327 13.9951 14.335 13.6973 14.3349 13.3301Z\"><\/path><\/svg><\/span><\/a><\/p>\n<\/li>\n<li data-start=\"3538\" data-end=\"3595\">\n<p data-start=\"3540\" data-end=\"3595\">Direcci\u00f3n postal: C\/ Fray Pere Balaguer, n\u00ba 49. Elche<\/p>\n<\/li>\n<\/ul>\n<p data-start=\"3597\" data-end=\"3756\">Asimismo, podr\u00e1 presentar una reclamaci\u00f3n ante la <strong data-start=\"3647\" data-end=\"3697\">Agencia Espa\u00f1ola de Protecci\u00f3n de Datos (AEPD)<\/strong> si considera que se ha vulnerado alguno de sus derechos.<\/p>\n<p>[\/et_pb_text][\/et_pb_column][\/et_pb_row][\/et_pb_section]<\/p>\n","protected":false},"excerpt":{"rendered":"<p>Pol\u00edtica de privacidad En AEMEC nos preocupamos por la protecci\u00f3n de sus datos personales y por el cumplimiento estricto de la normativa vigente: Reglamento (UE) 2016\/679 (RGPD) y Ley Org\u00e1nica 3\/2018 (LOPDGDD). 1. Responsable del tratamiento Entidad: AEMEC \u2013 Asociaci\u00f3n de Esclerosis M\u00faltiple de Elche y Crevillente CIF: G53851523 Domicilio: C\/ Fray Pere Balaguer, n\u00ba [&hellip;]<\/p>\n","protected":false},"author":1,"featured_media":0,"parent":0,"menu_order":0,"comment_status":"closed","ping_status":"closed","template":"","meta":{"_et_pb_use_builder":"on","_et_pb_old_content":"Your terms and conditions content here.","_et_gb_content_width":"","footnotes":""},"class_list":["post-125","page","type-page","status-publish","hentry"],"_links":{"self":[{"href":"https:\/\/aemec.es\/index.php\/wp-json\/wp\/v2\/pages\/125","targetHints":{"allow":["GET"]}}],"collection":[{"href":"https:\/\/aemec.es\/index.php\/wp-json\/wp\/v2\/pages"}],"about":[{"href":"https:\/\/aemec.es\/index.php\/wp-json\/wp\/v2\/types\/page"}],"author":[{"embeddable":true,"href":"https:\/\/aemec.es\/index.php\/wp-json\/wp\/v2\/users\/1"}],"replies":[{"embeddable":true,"href":"https:\/\/aemec.es\/index.php\/wp-json\/wp\/v2\/comments?post=125"}],"version-history":[{"count":4,"href":"https:\/\/aemec.es\/index.php\/wp-json\/wp\/v2\/pages\/125\/revisions"}],"predecessor-version":[{"id":131,"href":"https:\/\/aemec.es\/index.php\/wp-json\/wp\/v2\/pages\/125\/revisions\/131"}],"wp:attachment":[{"href":"https:\/\/aemec.es\/index.php\/wp-json\/wp\/v2\/media?parent=125"}],"curies":[{"name":"wp","href":"https:\/\/api.w.org\/{rel}","templated":true}]}}